56236781 a prime number?
True
Is 1327817 composite?
True
Is 345766873 a composite number?
False
Is 2238983 composite?
True
Is 393059 a composite number?
False
Is 10235291 prime?
False
Is 43372927 a composite number?
True
Is 47879257 a composite number?
False
Is 58204371 a composite number?
True
Is 1641841 composite?
False
Is 1262861 composite?
True
Is 9127661 prime?
False
Is 524480189 a composite number?
False
Is 855821 prime?
True
Is 1294877 a prime number?
False
Is 1067503 a prime number?
False
Is 101792167 composite?
False
Is 9258341 a composite number?
False
Is 58375091 composite?
False
Is 8474267 a prime number?
True
Is 102811361 a prime number?
False
Is 805891 prime?
True
Is 58131443 prime?
True
Is 35401397 a composite number?
True
Is 6622601 a composite number?
False
Is 143748179 prime?
True
Is 49049821 a prime number?
True
Is 107759351 a prime number?
False
Is 7619554 a composite number?
True
Is 4129003 a composite number?
False
Is 22298921 a composite number?
False
Is 504291223 composite?
False
Is 902929 composite?
True
Is 74639857 a composite number?
True
Is 1940021 a prime number?
False
Is 2920765 prime?
False
Is 657793 a composite number?
False
Is 130799899 prime?
True
Is 1855280861 a composite number?
True
Is 162202867 a composite number?
True
Is 12805553 prime?
False
Is 56763417 a composite number?
True
Is 1144145 a prime number?
False
Is 325609217 composite?
False
Is 47368693 a composite number?
False
Is 145318529 composite?
False
Is 36840901 a composite number?
False
Is 474833 prime?
False
Is 8688041 composite?
True
Is 22916423 prime?
True
Is 9047273 a prime number?
True
Is 74351785 prime?
False
Is 35558269 prime?
True
Is 62474407 a prime number?
True
Is 128156471 a composite number?
True
Is 2581829 composite?
False
Is 142073 a composite number?
True
Is 622025939 a prime number?
True
Is 88995839 a prime number?
False
Is 1542377 composite?
False
Is 22488529 a prime number?
False
Is 89626723 a composite number?
True
Is 5554597 prime?
False
Is 690805442 a prime number?
False
Is 563519 prime?
False
Is 9531919 a composite number?
False
Is 712007 composite?
False
Is 25954157 composite?
False
Is 342889 composite?
False
Is 2536879 prime?
False
Is 112717637 composite?
True
Is 5000137 composite?
True
Is 4233959 a composite number?
False
Is 4522709 a composite number?
False
Is 2243299 a prime number?
False
Is 83707069 a composite number?
False
Is 6210143 a prime number?
False
Is 3166271 composite?
False
Is 244386131 composite?
True
Is 1386419 composite?
False
Is 1224869 a composite number?
False
Is 217967773 a composite number?
False
Is 130778051 a composite number?
False
Is 28564031 a composite number?
False
Is 113017121 composite?
True
Is 44860801 prime?
False
Is 21883 composite?
True
Is 3105923 composite?
False
Is 64509 a composite number?
True
Is 919301 a prime number?
True
Is 4739803 a composite number?
False
Is 896909 a composite number?
True
Is 2424517 a prime number?
False
Is 46396117 a composite number?
False
Is 1928287 prime?
True
Is 23818637 composite?
False
Is 309761 a prime number?
False
Is 6348091 composite?
True
Is 13944097 composite?
True
Is 9122929 composite?
False
Is 39575243 composite?
False
Is 1823923 composite?
True
Is 57182431 a prime number?
False
Is 6623959 prime?
True
Is 14016847 prime?
False
Is 110281517 a prime number?
True
Is 5239639 a composite number?
True
Is 9423209 a composite number?
True
Is 491819 a prime number?
True
Is 4931803 a prime number?
False
Is 325729 composite?
False
Is 24325841 composite?
False
Is 38034197 a prime number?
True
Is 48600313 a composite number?
False
Is 140285714 a prime number?
False
Is 1828583 composite?
False
Is 8915917 prime?
True
Is 60375682 a prime number?
False
Is 1183241 composite?
False
Is 1511701 a composite number?
True
Is 26317597 a prime number?
True
Is 130505311 a composite number?
True
Is 5563207 composite?
True
Is 5118719 a composite number?
True
Is 203419401 a prime number?
False
Is 55868489 a composite number?
True
Is 200699339 a composite number?
True
Is 602593 prime?
True
Is 2918471 a prime number?
True
Is 18893033 prime?
True
Is 299453137 a composite number?
True
Is 772987 prime?
True
Is 33862947 prime?
False
Is 8111521 a prime number?
False
Is 26377255 a prime number?
False
Is 692524003 a composite number?
True
Is 756907 a composite number?
True
Is 24098443 a composite number?
False
Is 1694393 prime?
True
Is 115688299 composite?
False
Is 319555891 a composite number?
False
Is 15391261 a composite number?
False
Is 9686461 prime?
True
Is 37895419 a prime number?
True
Is 247711 a composite number?
False
Is 465910867 a composite number?
False
Is 287701 a composite number?
False
Is 2984561 a prime number?
True
Is 12740059 a prime number?
True
Is 927005 composite?
True
Is 1288733 composite?
False
Is 198953 a prime number?
True
Is 147412813 composite?
True
Is 538649 prime?
True
Is 1168301 prime?
True
Is 2506067 prime?
False
Is 9005219 a prime number?
True
Is 5965205 prime?
False
Is 12734185 composite?
True
Is 2851579 a prime number?
False
Is 43295701 a prime number?
True
Is 180015133 a prime number?
False
Is 545116349 composite?
False
Is 643580111 a prime number?
True
Is 11330333 a prime number?
False
Is 5914393 composite?
False
Is 783941 prime?
False
Is 24136811 composite?
False
Is 24616337 a prime number?
True
Is 10494741 prime?
False
Is 4149857 a composite number?
True
Is 23866303 prime?
True
Is 49175549 prime?
True
Is 88258757 a composite number?
False
Is 34567619 composite?
False
Is 68320006 composite?
True
Is 271246873 composite?
True
Is 5874421 prime?
False
Is 124302754 composite?
True
Is 86456891 prime?
True
Is 46489 a composite number?
False
Is 28550699 prime?
True
Is 6949963 a prime number?
False
Is 18076693 composite?
False
Is 14922139 prime?
False
Is 164096921 a prime number?
True
Is 51013789 composite?
False
Is 574907 a prime number?
True
Is 4807983 a composite number?
True
Is 328913 prime?
False
Is 163688417 composite?
False
Is 23799731 prime?
True
Is 656521 prime?
False
Is 30203167 prime?
True
Is 56167343 prime?
True
Is 60460093 composite?
False
Is 4391393 a composite number?
False
Is 1670923 prime?
True
Is 118257983 composite?
False
Is 18985157 a prime number?
True
Is 107602613 composite?
False
Is 18228079 prime?
False
Is 12267733 composite?
True
Is 6569977 a composite number?
True
Is 93382457 a composite number?
True
Is 2234287 a prime number?
False
Is 744480041 prime?
True
Is 155065803 composite?
True
Is 42617153 a prime number?
False
Is 8915471 a composite number?
True
Is 56403679 a prime number?
False
Is 40343405 composite?
True
Is 2537797 a prime number?
False
Is 18568669 prime?
False
Is 39627767 composite?
False
Is 11832763 a prime number?
False
Is 41690531 prime?
True
Is 158912237 prime?
False
Is 14272547 a composite number?
True
Is 16698083 composite?
False
Is 378825009 prime?
False
Is 271967 prime?
True
Is 69211973 composite?
False
Is 1678861 prime?
True
Is 228738767 a prime number?
True
Is 3098467 a composite number?
True
Is 337916081 a prime number?
True
Is 19470949 a composite number?
True
Is 589479571 a prime number?
True
Is 5623159 a prime number?
True
Is 75731353 composite?
True
Is 33665237 a composite number?
True
Is 15084541 prime?
True
Is 34693843 prime?
True
Is 457943 composite?
False
Is 1872791 a composite number?
True
Is 869243 composite?
True
Is 118944037 a composite number?
True
Is 155083991 prime?
True
Is 114613 prime?
True
Is 422960021 composite?
True
Is 2910739 prime?
False
Is 4842461 prime?
False
Is 6693413 composite?
False
Is 41677477 prime?
False
Is 678631 composite?
False
Is 2240837 composite?
False
Is 9758233 a prime number?
False
Is 253665193 a prime number?
False
Is 23446019 composite?
True
Is 3670099 composite?
True
Is 73665139 prime?
True
Is 486527 composite?
False
Is 1307623277 a prime number?
False
Is 323687839 a composite number?
False
Is 29273563 prime?
False
Is 640534 prime?
False
Is 7286369 a prime number?
True
Is 2075719 prime?
False
Is 77756101 a prime number?
True
Is 433241 prime?
True
Is 40801403 a composite number?
True
Is 138347 a prime number?
False
Is 314172779 a composite number?
True
Is 251016941 a composite number?
True
Is 447913 a composite number?
True
Is 13311751 prime?
True
Is 45713117 a pr